 10*r + 2 + 17*r + 2 - 5*r. Let l be (-16)/14*98/(-28). Give p(l).
-24
Let v(n) = -3*n**2 + 1. Let d = 740 + -553. Let p = 186 - d. Determine v(p).
-2
Let n(f) = -f**2 - f + 1. Let j(p) be the first derivative of 1/3*p**3 + 4*p - 12 + 7/2*p**2. Let x(m) = -j(m) - 2*n(m). Give x(7).
8
Let d(s) = 7*s + 143. Let q be d(-4). Let o(j) = -62 - 52 - 17*j**3 + q. What is o(1)?
-16
Let x(p) be the second derivative of -p**4/12 + 2*p**3 - 5*p**2/2 - 293*p. Let i be (-2)/(-4)*(23 - 1). Determine x(i).
6
Let w(r) be the first derivative of -r**3/3 + r**2 + 734. Let t(v) = -v**3 + 7*v**2 - 5*v - 4. Let d be t(6). Determine w(d).
0
Let i(d) be the first derivative of -d**4/4 - d**3 + 3*d**2/2 - 3*d - 8. Let t be -92*(1/5 - (-27)/(-60)). Suppose 4*f = -t + 7. Calculate i(f).
1
Let b(k) = 4*k - 3 - 3*k + k. Suppose -3095 = -5*u + t, -3*t = -24 + 9. Let m = 625 - u. Give b(m).
7
Let v = -60 - -61. Let t(g) = g**3 + 2*g**2 - 1. Let k be t(v). Let s(n) = 3*n - n - n**k - n**3 - 3*n. What is s(-2)?
6
Suppose 3*v - 2*v = 6. Let c(n) be the third derivative of n**4/24 + 2*n**3 - 14663*n**2. Give c(v).
18
Let j(s) = -480*s + 2 - s**2 + 491*s + 4. Let v(g) = -g**2 + 9*g + 7. Let h(y) = -6*j(y) + 7*v(y). What is h(-6)?
-5
Let t(k) = -k - 1. Let y(p) = -2*p + 5. Let o(m) = 3*t(m) - y(m). Let g = 417 + -424. Let i(u) = -2*u**3 - 14*u**2 - 2*u - 22. Let l be i(g). Determine o(l).
0
Let n(k) = 18*k**2 - k + 663. Let m be n(0). Let t = -670 + m. Let g(o) = 2*o - 3. Give g(t).
-17
Let o(l) be the second derivative of 1/2*l**3 + 6*l - 2 + 2*l**2. Give o(-6).
-14
Let k(u) = -2 - 9 - 53*u**2 - 65*u**2 + 123*u**2 + 3*u - u**3. Calculate k(5).
4
Let n(u) = u**3 - 10*u**2 - 12*u. Let g = -1194 + 1205. What is n(g)?
-11
Let q(y) = -7*y**3 + 6*y**2 + 6*y + 11. Let x(a) = 5*a**3 - 6*a**2 - 8*a - 13. Let u(i) = -2*q(i) - 3*x(i). What is u(8)?
-15
Let z(r) = 4*r**2 - 46*r + 18. Let c be z(11). Let q be (-3 - c)/(-6 - -5). Let j(l) = -3*l**3 + l. Determine j(q).
2
Let b(d) = -11*d**2 - 2*d - 1. Let a(c) = 8*c**2 + 2*c + 1. Let w(u) = -7*a(u) - 5*b(u). What is w(8)?
-98
Let n(k) = 3*k - 8. Suppose -b - 3*a = -1 + 6, -5*a = 3*b + 11. Determine n(b).
-14
Let i(y) = -447*y**2 + 440*y**2 + 7*y + 34 - 59. Let d(z) = 9*z**2 - 9*z + 26. Let u(h) = -4*d(h) - 5*i(h). Calculate u(0).
21
Let y(o) be the third derivative of -o**8/20160 + o**7/2520 + o**6/360 + 17*o**5/20 - 10*o**2 - 5. Let h(w) be the third derivative of y(w). Calculate h(3).
-1
Let l(r) be the second derivative of r**3/6 - 20*r**2 - 2*r + 4399. Give l(4).
-36
Suppose 0 = -5*v + 4*w + 80, 2*v = -2*w - 18 + 68. Let o = -18 + v. Let h(d) = -3*d + 7 + 4*d**o + 11*d + d**3 - d - 2*d**3. Determine h(6).
-23
Suppose -327*d = -323 - 2293. Let m(r) = -r**2 + 12*r - 17. What is m(d)?
15
Suppose 16*u - 18*u - 827 = f, -3*f = -2*u + 2521. Let n = -849 - f. Let i(k) = k**2 + 10*k - 23. Calculate i(n).
1
Suppose 5*p + 3*j = -2*j + 30, 0 = p - 2*j. Let a(y) = y**3 - 3*y**2 + 2*y - 3. Let i be a(3). Let b(g) = g + 0*g + 5*g - 6*g**2 + p + g**i. Calculate b(5).
9
Suppose -141*v = -134*v - 7. Let a(m) = 84*m - 34*m + v - 46*m. Give a(1).
5
Let u(w) = -8*w + 28. Let y be (-1)/(36/(-16) - -2). What is u(y)?
-4
Let b = -3567 + 3552. Let z(a) = a**2 + 12*a - 8. Determine z(b).
37
Let y(a) = 4*a**2 + 13*a + 42. Let r(s) = 2*s**2 + 6*s + 23. Let q(b) = -23*b + 143. Let v be q(6). Let f(g) = v*r(g) - 3*y(g). Determine f(-4).
-7
Let p = 24997 - 24982. Let z(v) = -35*v + 525. Give z(p).
0
Let m(n) = -5*n + 6 - 13 + 6*n**2 + 88*n**3 - 179*n**3 + 10 + 90*n**3. Determine m(2).
9
Let u(f) = -804 + 413 - 4*f + 375. Determine u(-4).
0
Let p be 140/12 - (-2)/6. Let m be (p/2)/(-1 + 3). Let c(a) be the third derivative of a**5/60 - 7*a**4/24 + a**3/2 - 76*a**2. Determine c(m).
-9
Let z(n) be the first derivative of -2*n**3/3 + 30*n**2 + 127*n - 1414. Give z(32).
-1
Let n(o) = -8*o - 2. Let v(w) = -19*w - 4. Let s(g) = -7*n(g) + 3*v(g). Let i(k) = -20. Let l(m) = -i(m) - 5*s(m). Calculate l(-3).
-5
Let t(j) = -j**3 - 13*j**2 - 34*j - 40. Let w be t(-10). Let o(g) = 3*g + 21. Give o(w).
21
Let j(v) be the third derivative of v**5/30 + v**4/24 - v**3/2 + 243*v**2. Give j(4).
33
Let f(k) be the second derivative of k**6/720 + 3*k**5/40 + k**4/12 + 23*k**3/3 - 48*k. Let p(d) be the third derivative of f(d). Calculate p(5).
14
Let q(h) = 64246*h**2 - h - 64245*h**2 - 20 + 0*h. Give q(6).
10
Let k(t) = t - 2. Suppose s = -3*l + 23, 5*s = -5*l + 227 - 82. Suppose 0 = -4*x + 2*r + s, 0 = -8*x + 3*x - r + 47. Calculate k(x).
7
Suppose -s + 2*s - 49 = 0. Suppose 5*t - s = -3*f, f + 3*f - 77 = 5*t. Let d be (1/(-3))/(f/108). Let c(z) = -z**3 + 2*z**2 - z - 2. Calculate c(d).
16
Let n = 11320 + -11321. Let a(k) = 2*k**3 - k - 3. Calculate a(n).
-4
Let a(d) = -d**2 - 18*d - 19. Let p be a(-9). Suppose -18 = -p*w + 59*w. Let f(n) = n**3 - 8*n**2 + 6*n - 1. Give f(w).
-37
Let x(q) = 1363*q - 2737*q + 1371*q - 9 + q**3 + 7*q**2. Suppose -2*v + 3*s = 8, -2*v - v - s = 23. Calculate x(v).
12
Let t(w) be the first derivative of w**3/3 + 9*w**2/2 + 8*w - 38. Suppose -5*v = 12 - 552. Suppose -14*y - v = -2*y. What is t(y)?
8
Let r = -46611 + 46648. Let u(b) = -b**2 + 41*b - 142. Determine u(r).
6
Let l(c) = 3*c**3 - 10*c**2 + 2*c + 87. Let o(a) = a**3 - a**2 + a + 29. Let r(v) = -2*l(v) + 7*o(v). Calculate r(-13).
-10
Let r(a) = -346*a - 9. Let v(l) = 416*l + 9. Let g(s) = -6*r(s) - 5*v(s). Give g(-4).
25
Let x(f) = f - 1. Let j(p) be the second derivative of 17/2*p**2 - 5/6*p**3 + 0 + 17*p. Let m(k) = j(k) + 3*x(k). Give m(10).
-6
Let t(y) = y - 2. Let h(o) = -o**3 + 8*o**2 + o + 15. Let c be h(8). Suppose 4*l + 3 - c = 0. Suppose 2*u = u + 4*n + 19, -l*u + n = -38. What is t(u)?
5
Suppose v = 3, 4*c - v + 21 = 7*c. Let t(x) = x**3 - 8*x**2 + 10*x + 18. What is t(c)?
6
Let c(f) = 9*f + 244. Suppose 2 = b - 3*x + 23, 3*b = -4*x - 89. Let q be c(b). Let k(v) = -34*v**2 + v. Calculate k(q).
-33
Suppose -4*k - 15 = k. Let r(a) be the second derivative of -a**5/20 - a**4/12 + a**3 + 2*a**2 + 108*a - 406. What is r(k)?
4
Let d = -20 - -26. Let y(m) = m + 60462*m**2 - 3 - 60469*m**2 + m**3 + 6*m. What is y(d)?
3
Let b(h) = 5*h + 30*h**2 - 139*h**2 + 32*h**2 + 38*h**2 + 38*h**2. Give b(6).
-6
Let v(d) be the second derivative of d**5/20 - 5*d**4/12 + d**3 - 7*d**2/2 - 8*d. Let j = 6416 - 6412. What is v(j)?
1
Let g = 27464 - 27466. Let p(m) be the first derivative of -m**3 - m**2/2 - 2*m - 1. Calculate p(g).
-12
Let h = -6 - -11. Let m(r) = -r + 53824 + 53825 + 53828 - r**3 + 5*r**2 + 53828 - 215302. Give m(h).
-2
Let x(n) = 10*n**3 + 2*n**2 - 3*n + 2. Let c be x(1). Suppose -o - 40 = -c*o. Let g(i) = i + 2*i - 10*i + 6*i + o. Give g(5).
-1
Let l(k) = 37*k**3 + 2*k + 38*k**3 - 7 + 35*k**3 + 6*k**2 - 109*k**3. Give l(-7).
-70
Suppose 0 = 21345*h - 21364*h + 304. Let w(j) = j**3 - 17*j**2 + 16*j - 19. What is w(h)?
-19
Let z(c) = -4*c**2 - 3*c - 2. Let d be (-8 + 260/30)*(-162)/(-4). Let n be d/(-12)*(-40)/(-30). What is z(n)?
-29
Suppose 53*y + 179 = -33. Let i(q) = -2*q**2 - q + 13. Calculate i(y).
-15
Let h(t) = -5*t**3 - 10*t**2 - 10*t - 9. Let y(i) = -6*i**3 - 10*i**2 - 10*i - 9. Suppose 0 = -2*m + 10 - 0. Let g(r) = m*h(r) - 4*y(r). What is g(-9)?
0
Let k(v) = 2*v**2 - 7*v**2 - v**3 - 9*v**3 + 11*v**3 - 4*v**2 + 4*v + 13. Give k(9).
49
Suppose -4*p + 47 - 103 = 4*k, 0 = -5*k - 30. Let n(m) = 2*m - 19. Calculate n(p).
-35
Let y(w) = 2*w - 45. Let q be y(24). Let j(g) = -2 + 4 - q*g + 5*g - g. Let r be 1*8 + 2 - 2. What is j(r)?
10
Suppose -s = -0*s - 191. Let t(g) = -s*g + 191*g - g**3. What is t(-3)?
27
Let b(g) = -11*g**2 + 1043 + 4*g**2 - 23*g**2 - 6*g - 1045. What is b(-1)?
-26
Let s(w) be the second derivative of 37/2*w**2 - 45*w - 5/6*w**3 + 0 - 1/60*w**5 - 1/24*w**4. Let r(j) be the first derivative of s(j). Calculate r(0).
-5
Suppose k + 4*m + 16 - 2 = 0, 0 = k - m + 4. Let d(n) = 14*n**2 + 17*n + 8. Let t(o) = 17*o**2 + 18*o + 10. Let r(w) = k*d(w) + 5*t(w). What is r(8)?
-30
Let x = -411 - -430. Suppose -5*b = -20, v = 7*b - 2*b - x. Let l(o) = -9*o**2 - o + 2. Give l(v).
-8
Let o = -18 - -9. Let l be ((-503)/5)/((-5)/25). Let r(c) = 256 + 235 - c - l. Determine r(o).
-3
Let a(u) = -u**2 + 14*u - 9. Let f(n) = 13*n**2 + 9*n + 10. Let j be f(-1). Let b be a(j). Let s(g) = -g**